6664 - 53155. Is s composite?
False
Let s = 557034 + -388847. Is s a prime number?
False
Let r(b) = -b**2 - 10*b + 629. Is r(0) composite?
True
Suppose 17*s - 30 = 2*s. Suppose -3*c - 29038 - 131 = -3*n, s*c - 19430 = -2*n. Is n prime?
True
Suppose -11 + 8 = i. Let q be 790 + (3/(-2) - i/(-6)). Let s = q - 303. Is s a composite number?
True
Suppose 29*c = 14*c + 364575. Is c prime?
False
Let n(s) = -7*s**2 - 2*s + 13. Let a(t) = -6*t**2 - t + 12. Let w(c) = -6*a(c) + 5*n(c). Let j = 190 - 195. Is w(j) prime?
False
Let v(o) = -5272*o**3 - 8*o**2 - 36*o - 13. Is v(-4) a prime number?
True
Let m(w) = -20484*w + 9041. Is m(-20) composite?
False
Let g be (-1)/(-1*((-17021)/(-2837) + -6)). Let y = g - -9258. Is y a composite number?
False
Let u(n) = n**3 - 5*n**2 + 2*n - 7. Let b be u(5). Let c(k) = -3*k**2 - 3*k + 2*k + 24 + 20*k**2 + b*k - k**3. Is c(17) a prime number?
False
Suppose 215 + 1850 = -5*r - p, 4*r = 3*p - 1671. Let j = -705 + 1284. Let m = j - r. Is m composite?
True
Suppose 4*g + 0 = -h + 1, -3*h + 4*g = -3. Let n be (-55)/165*13*(0 - 9). Is n*h*2/((-36)/(-30)) composite?
True
Let s = -4002 - 664. Let f be s/10 + 3/30*-4. Let u = 1100 - f. Is u a composite number?
False
Suppose 6*t = 2*t - 44. Let s(a) = 19*a**2 - 13*a - 17. Let k be s(t). Suppose k = 4*v - 1307. Is v a prime number?
False
Suppose 5*k = -3*q + 6*k + 178688, -4*q + 4*k = -238240. Suppose 11*v - q = 22199. Is v a prime number?
True
Let a(z) = -2*z**3 + 14*z**2 - 10*z - 7. Let g be a(6). Let w(p) = 20*p + 471*p + 15*p + 13. Is w(g) composite?
False
Let z(m) = 2*m**2 - 24*m + 3. Let g be z(12). Suppose -f - 2*x + 13 = 0, g*f + x = f + 11. Suppose -f*k + 102 = -531. Is k a composite number?
False
Suppose 5*p - 46557 = -2*m, 5*p - 30529 - 16027 = -m. Is p a prime number?
True
Suppose -7*w = -19*w - 7668. Let b be 4/(-12)*2*w. Suppose 2*f + 4*k - 610 = 0, -2*f + 4*k = -176 - b. Is f a prime number?
False
Let m(x) be the first derivative of -1637*x**2/2 + 257*x - 288. Is m(-12) a composite number?
True
Let w = 39 - 107. Let k = 64 + w. Is (7025/10)/((-2)/k) prime?
False
Suppose 4*c + 2*v - 1917420 = 0, -v + 479353 = 128*c - 127*c. Is c composite?
False
Suppose -5*o = -w - 21571, -3*o + 6*o - 4*w - 12929 = 0. Is o composite?
True
Suppose -15*i + 43453 = 15268. Suppose i = n - 8074. Is n prime?
False
Let j = 17 + -69. Let z = -48 - j. Is z/((-16)/23)*-92 composite?
True
Suppose 143*h + 13*h = 91145652. Is h a prime number?
False
Let q(w) = 107*w**3 - w**2 - 3*w - 2. Let k(z) = -4*z + 7. Let x be k(2). Let m be q(x). Let o = m - -589. Is o composite?
True
Let t = -204122 - -306135. Is t a composite number?
False
Let q be (-2)/(-10) - 662459/(-505). Suppose -4*m = -2*m. Suppose m = 2*y - 4*h + 413 - 1043, q = 4*y + 5*h. Is y a composite number?
True
Let z = -943 + 1324. Suppose -266 + 2546 = 57*k. Suppose k = -v + z. Is v composite?
True
Let o = 2427 - 4904. Let u = 7308 + o. Is u prime?
True
Let l be 2/(-11) + 552/11 + -14. Suppose -l*n + 249494 = -129982. Is n a prime number?
False
Suppose -28222*a + 28196*a + 1993030 = 0. Is a a prime number?
False
Let w = 547659 + -230814. Suppose 22*i - 49*i + w = 0. Is i prime?
False
Let q = -424 - -356. Suppose 0 = 3*z - 5*j + 338, -3*j + 789 = -5*z + 231. Let k = q - z. Is k composite?
False
Suppose -2*g = -4*u - 32978, 9*g - 13*g + 65970 = -u. Is g prime?
True
Suppose -198343 = -4*v + f, 0 = 2*v - 19*f + 18*f - 99169. Let l = v + -1496. Is l prime?
True
Suppose -13 = -l - 2. Let b(o) be the first derivative of -o**4/2 + 23*o**3/3 + 7*o**2 + 12*o + 133. Is b(l) prime?
False
Let n(y) = 3*y**3 - 6*y**3 - 2*y + 4*y**3 + 499. Let r(p) = -14*p - 84. Let i be r(-6). Is n(i) a prime number?
True
Let i(m) = 62*m**2 + 9*m - 14. Let v be i(6). Let o = -683 + v. Is o prime?
False
Suppose 2*z + 4*n = 9*n + 5231, -z + 2612 = -3*n. Is z a composite number?
False
Let d(h) = -7124*h**3 - 9*h - 10. Is d(-1) a prime number?
False
Let w = 286 - 271. Is 6/15*(-5444)/(-24)*w a prime number?
True
Let r(z) = -3*z + 28. Let b be r(12). Let j(c) = -c**2 - 9*c - 8. Let d be j(b). Suppose 5*g - 15 = d, 770 = 5*h - 4*g - g. Is h composite?
False
Suppose 2*l + 31230 = 5*o - 3*l, 0 = -o + 5*l + 6254. Let z = -3761 + o. Is z prime?
False
Let u(y) = -y**2 + 22*y + 26. Let i be u(23). Let s(r) = 3*r + 1 + 2*r**2 - 4*r**3 - 10*r**3 + 3*r**i. Is s(-2) composite?
True
Let g be (-5320)/130 + (-2)/26. Is (1*1/(-2))/(g/1760294) prime?
True
Let s = -334 + 337. Is (-4 + 13)/s + (4312 - 0) composite?
True
Let a(j) = -528*j - 17. Let u(d) = -3*d - 54. Let x be u(-17). Is a(x) composite?
False
Let c = -989492 + 1474755. Is c a composite number?
False
Let t(r) = -1025*r + 5. Suppose 0 = -3*m + 4*q - 34, m - 2*q + 8 = -4*q. Let o be t(m). Suppose 5*l = -5*d + o, -4*d + 5630 = -5*l - 2592. Is d composite?
False
Is (-37 - -9)/(-4)*4327 prime?
False
Let i be (-57)/9 + 44/33. Is ((-10)/i)/((-22685)/7565 - -3) a prime number?
False
Let x(m) = m**2 - 18*m - 318. Is x(59) a prime number?
False
Suppose 3*n + 3*y = -30, -5 = 2*n - 2*y + 7. Is 85871/n*-2 + (-12)/16 a prime number?
True
Let u(t) = -321*t - 10 + 19 + 6 + 2 + 15. Is u(-7) a prime number?
False
Let u(i) = 98*i - 5. Let n be u(8). Is 8 + n - (2 - (7 - 3)) composite?
True
Let y(k) = -120*k**3 - 2*k**2 - 2*k - 1. Let r be y(-1). Suppose 0 = -2*f + r + 277. Let h = f + -141. Is h a prime number?
False
Suppose 5*f - 15 = 0, -2*v - 9 = -0*v - 3*f. Suppose -2*o - 2*o + 19088 = v. Is (-1)/6*4 - o/(-12) a prime number?
True
Suppose 4*l + 1205*n - 2013100 = 1209*n, -3*n - 2013092 = -4*l. Is l composite?
False
Let j(u) = u**3 + 13*u**2 + 24*u + 25. Let p be j(-11). Suppose -9*z + p = -8*z. Suppose -2*c = -z*c + 6185. Is c a composite number?
True
Let c(d) be the third derivative of -d**4/24 - d**3/6 + 18*d**2. Let t be c(-3). Suppose -z + 0*z - 2*y + 991 = 0, 2*y = -t. Is z a prime number?
False
Is (-150)/30 - -4*7*(-7868)/(-8) prime?
False
Let s be 18/(-3 + -3) + -9. Is (-8094)/s + 18/(-12) a composite number?
False
Let j(g) be the second derivative of 13*g**5/10 + g**3/3 + 9*g**2/2 + 156*g - 2. Suppose -u - 12 = -5*u. Is j(u) composite?
True
Let l(q) = -152*q**3 - 34*q**2 + 74*q + 39. Let x(p) = -101*p**3 - 23*p**2 + 49*p + 26. Let z(v) = 5*l(v) - 8*x(v). Is z(5) composite?
True
Suppose -3901 = 8*h + 2571. Let b be (-199600)/(-90) + -2 + 40/18. Let j = b + h. Is j a prime number?
True
Let n(m) be the third derivative of -101*m**6/120 + m**5/12 + m**4/12 - m**3 + 3*m**2 - 3. Is n(-2) a composite number?
True
Let i be (6 - -4) + -6 - -6468. Suppose -i = 72*l - 80*l. Is l a prime number?
True
Let k(w) = 5428*w**2 - 2*w + 29. Let x be k(6). Suppose -22*v = 3*v - x. Is v a composite number?
False
Suppose -12*b + 11 = -1. Let f(x) = 2*x - 2. Let c be f(2). Is (164 - b)/(-3 - (-8)/c) a prime number?
True
Is 3 - (3/12 - 50/16*37810) a prime number?
False
Let o(v) = -45*v**3 + 5*v**2 - 7*v - 18. Is o(-11) prime?
False
Let s(r) = -28507*r**3 + r**2 - 6*r - 7. Is s(-1) a prime number?
False
Let m = 166 + -145. Is 7/m*-15 + 42 a composite number?
False
Let f = 9 - 18. Let z be (f/(-4))/(6/16). Is ((-148)/z)/((-52)/546) a composite number?
True
Suppose 6*n + 168*k = 173*k + 4810498, 2*k - 4008699 = -5*n. Is n a prime number?
False
Let t be (181/2)/((-4)/(-264)). Let o = -4150 + t. Is o a composite number?
False
Let x(l) = 17*l**3 - 23*l**2 + 66*l - 49. Is x(40) composite?
True
Suppose -34*m - 633 + 1789 = 0. Is 1937 + 0 + 0/m a composite number?
True
Suppose -148753 = 12*f - 289460 - 239537. Is f prime?
True
Let i = 299 - 302. Is ((-2333)/i)/((-7)/(-21)) composite?
False
Let p(q) = 20034*q - 1661. Is p(9) a composite number?
True
Let j = -246407 + 644190. Is j composite?
True
Suppose -146 + 50 = -8*l. Suppose -2*p + l = 4*m + 2*p, 4*m - p - 22 = 0. Suppose -2*h + 13 = -h - d, 0 = h + m*d - 13. Is h prime?
True
Let j(z) = -56*z - 50. Suppose -32*x + 168 = -46*x. Is j(x) a prime number?
False
Suppose 4*w - 128770 = 3*m - 16319, w - 28134 = 5*m. Suppose -5*t + 2*b + w = -4*t, 5*t = -5*b + 140590. Is t composite?
True
Let y(i) = 148*i - 51. Let p be y(18). Suppose 2*j - 10467 = -5*z - p, -2*z = 3*j - 3146. Let k = 2759 - z. Is k prime?
False
Suppose 7*d = 5*d + 10. Suppose -5*r + 25 = d. Suppose 0 = -r*v + 3*b + 3637, -4*b - 19 = -7. Is v a composite